(base 4) in base 11?
1569
What is -2222 (base 7) in base 2?
-1100100000
What is 455 (base 15) in base 12?
698
Convert -42 (base 11) to base 7.
-64
What is -988 (base 10) in base 9?
-1317
Convert 359 (base 10) to base 3.
111022
43464 (base 7) to base 3
112220210
Convert -10100101011100 (base 2) to base 11.
-7a56
Convert -52043 (base 6) to base 7.
-26142
Convert -653 (base 9) to base 2.
-1000010110
-107478 (base 9) to base 7
-356120
What is 7ba5 (base 15) in base 13?
bc48
Convert 13592 (base 10) to base 9.
20572
33021 (base 4) to base 2
1111001001
What is -596 (base 13) in base 15?
-448
6023 (base 7) to base 6
13335
What is -3036 (base 8) in base 10?
-1566
What is -2200 (base 4) in base 10?
-160
Convert -d9af (base 16) to base 5.
-3240402
What is 3a8 (base 11) in base 3?
122211
Convert 35 (base 16) to base 14.
3b
1318 (base 13) to base 11
2058
1111001110101111 (base 2) to base 13
22519
What is 13e (base 16) in base 8?
476
-131361 (base 7) to base 15
-7413
Convert -1111110011111 (base 2) to base 4.
-1332133
10001000 (base 2) to base 14
9a
What is 354 (base 11) in base 15?
1d2
Convert -2324 (base 12) to base 14.
-15da
-476b (base 14) to base 9
-18055
Convert 19b (base 12) to base 2.
100000111
Convert -3045 (base 12) to base 16.
-1475
-101111221 (base 3) to base 11
-583a
1922 (base 15) to base 14
1da0
What is -11334 (base 6) in base 11?
-1263
What is 1666 (base 7) in base 14?
36d
289 (base 15) to base 16
243
Convert 431400 (base 6) to base 8.
105030
What is -49152 (base 10) in base 9?
-74373
What is -11532 (base 6) in base 13?
-a19
-1177 (base 12) to base 9
-2621
-4431333 (base 5) to base 15
-17c98
-11257 (base 8) to base 6
-34051
-61f0 (base 16) to base 8
-60760
What is -10582 (base 9) in base 15?
-2145
-10000100000 (base 2) to base 13
-633
Convert 330 (base 14) to base 11.
523
What is -12540 (base 6) in base 5?
-30212
-2024304 (base 5) to base 9
-50334
27618 (base 9) to base 5
1044403
811 (base 11) to base 12
698
2a3b6 (base 13) to base 12
3a198
What is -100121 (base 5) in base 14?
-121b
-1015205 (base 6) to base 7
-263114
Convert -7d50 (base 16) to base 2.
-111110101010000
What is 243 (base 6) in base 10?
99
-149a5 (base 15) to base 13
-24245
What is 4 (base 15) in base 12?
4
What is -2338 (base 10) in base 5?
-33323
Convert -1433333 (base 5) to base 12.
-15770
What is 30212 (base 12) in base 6?
1201222
2012020011 (base 3) to base 13
16864
What is -162 (base 11) in base 13?
-117
Convert 231031 (base 4) to base 12.
1811
Convert 14d6 (base 15) to base 14.
18ba
-1001011100 (base 2) to base 10
-604
What is 6343 (base 7) in base 6?
14204
What is 2263 (base 12) in base 7?
14064
What is 11326 (base 10) in base 11?
8567
2809 (base 11) to base 3
11222210
What is -36bb (base 13) in base 7?
-31423
What is 658 (base 9) in base 8?
1033
What is 1373 (base 8) in base 6?
3311
What is 1002131 (base 4) in base 14?
179b
What is 1671 (base 8) in base 15?
438
What is -23301212 (base 4) in base 12?
-23ab2
-1386 (base 16) to base 9
-6763
Convert -2211130 (base 4) to base 5.
-314323
Convert 9339 (base 12) to base 14.
5bad
Convert 11000011101110 (base 2) to base 11.
9458
-10550 (base 6) to base 10
-1506
Convert -23014 (base 7) to base 10.
-5842
What is 110123 (base 4) in base 13?
797
40a0 (base 11) to base 8
12472
502 (base 6) to base 5
1212
What is -724 (base 9) in base 13?
-364
What is -101000110000 (base 2) in base 8?
-5060
4614 (base 7) to base 12
b79
Convert 15773 (base 8) to base 6.
53055
Convert -1ff (base 16) to base 7.
-1330
What is -8b45 (base 12) in base 9?
-23178
What is 846 (base 9) in base 6?
3110
11110011010111 (base 2) to base 6
200035
What is 11340 (base 9) in base 12?
4469
What is 12103 (base 5) in base 8?
1607
Convert -2211021112 (base 3) to base 7.
-321056
What is b556 (base 13) in base 16?
61fb
1000110 (base 3) to base 6
3233
What is -21421 (base 6) in base 2?
-101110010101
What is -1aa6 (base 15) in base 16?
-1695
Convert -10 (base 14) to base 7.
-20
-8d3 (base 16) to base 5
-33014
147027 (base 8) to base 9
80331
What is 10450 (base 8) in base 11?
3333
146105 (base 7) to base 13
cca1
What is 10110100111 (base 2) in base 10?
1447
Convert -231e (base 16) to base 8.
-21436
What is 6333 (base 7) in base 14?
b53
ba3 (base 16) to base 14
112b
Convert 14134 (base 5) to base 6.
5225
112 (base 10) to base 16
70
-88056 (base 9) to base 5
-3331441
2768 (base 10) to base 12
1728
What is -34143 (base 9) in base 7?
-123144
-2dcd (base 16) to base 2
-10110111001101
-100000000000111 (base 2) to base 16
-4007
-30011 (base 4) to base 14
-3d3
What is 1014 (base 6) in base 7?
442
Convert -202211201 (base 3) to base 6.
-154201
Convert 4356 (base 8) to base 10.
2286
Convert 11002 (base 4) to base 6.
1254
What is -22342 (base 7) in base 8?
-13041
What is -1a64 (base 11) in base 14?
-d47
44301 (base 6) to base 10
6157
Convert 1110111110 (base 2) to base 10.
958
Convert -123012 (base 4) to base 13.
-a35
Convert -ac98 (base 13) to base 15.
-7233
What is 150b (base 12) in base 5?
34314
Convert -110010101110 (base 2) to base 11.
-2491
What is 931 (base 11) in base 10?
1123
Convert -bdd (base 15) to base 16.
-a7b
What is 2058 (base 12) in base 6?
24152
What is -24574 (base 10) in base 12?
-1227a
What is 4028 (base 13) in base 16?
2276
110101 (base 3) to base 14
19c
What is -1012030 (base 4) in base 5?
-120432
-339 (base 13) to base 9
-676
Convert -3443 (base 10) to base 8.
-6563
What is 671 (base 8) in base 9?
540
What is -4302 (base 7) in base 12?
-a69
-205 (base 14) to base 15
-1b7
Convert 65a (base 11) to base 13.
48b
What is 1432 (base 6) in base 13?
233
Convert -15900 (base 11) to base 12.
-10b55
What is 19b (base 12) in base 14?
14b
What is -78e (base 15) in base 2?
-11010101101
What is 155351 (base 6) in base 13?
7075
What is 110001010100 (base 2) in base 14?
1216
Convert -4086 (base 12) to base 3.
-100121210
100483 (base 9) to base 2
1110100000111000
Convert 1101 (base 10) to base 7.
3132
What is b53 (base 13) in base 3?
2122101
Convert -703 (base 13) to base 9.
-1557
Convert -15450 (base 6) to base 3.
-10111110
-1305 (base 8) to base 6
-3141
Convert c6e0 (base 15) to base 12.
20410
What is 4557 (base 12) in base 5?
221244
Convert 40334 (base 6) to base 16.
14c2
-326 (base 7) to base 15
-b2
Convert 2275 (base 10) to base 13.
1060
-2201211 (base 3) to base 15
-8cd
11100011000 (base 2) to base 7
5203
Convert 205 (base 13) to base 16.
157
What is -145300 (base 6) in base 7?
-56151
What is -110011110100 (base 2) in base 6?
-23204
13617 (base 8) to base 16
178f
-1041 (base 6) to base 8
-361
b2 (base 14) to base 5
1111
a48d (base 14) to base 2
110111010111101
Convert -4443 (base 5) to base 9.
-762
-18113 (base 11) to base 7
-134060
Convert 3320302 (base 4) to base 16.
3e32
What is -43a6 (base 12) in base 16?
-1d2e
1001000001 (base 2) to base 13
355
What is -956 (base 13) in base 7?
-4433
-103 (base 8) to base 9
-74
Convert 110133 (base 4) to base 3.
1210120
What is 12031 (base 4) in base 3?
112201
Convert 52 (base 8) to base 7.
60
562 (base 10) to base 12
3aa
3077 (base 11) to base 12
2439
-433 (base 9) to base 12
-256
-2022101 (base 3) to base 6
-11444
Convert 217a (base 11) to base 10.
2870
What is -111111100 (base 2) in base 10?
-508
1e0 (base 15) to base 8
663
Convert -138 (base 12) to base 14.
-d6
Convert -10042 (base 8) to base 10.
-4130
-7a3 (base 11) to base 10
-960
200545 (base 7) to base 4
20101210
Convert 381 (base 12) to base 16.
211
Convert -13a1 (base 11) to base 2.
-11100001101
What is -66030 (base 7) in base 15?
-4d40
What is -1010 (base 10) in base 9?
-1342
16531 (base 10) to base 7
66124
What is -6675 (base 8) in base 13?
-17a7
What is -330133 (base 4) in base 13?
-19ba
106 (base 15) to base 5
1411
Convert 15274 (base 8) to base 10.
6844
Convert 2476 (base 15) to base 9.
11573
What is -2108 (base 9) in base 4?
-120023
What is -1688 (base 10) in base 14?
-888
270 (base 14) to base 13
2b9
What is 2115 (base 8) in base 5?
13401
155142 (base 6) to base 3
210010022
1011110011 (base 2) to base 14
3bd
What is 200120 (base 3) in base 6?
2153
What is -31333321 (base 4) in base 3?
-2220122121
Convert 3a9c (base 13) to base 2.
10000011011010
Convert -6193 (base 10) to base 16.
-1831
133 (base 16) to base 9
371
Convert 2a1 (base 11) to base 10.
353
What is -30424 